
1
What is the tens digit of (-2544)/(-60) - 4/10?
4
Let z = 26 - 29. What is the tens digit of -7 - -31 - (1 + z)?
2
Suppose 0 = -4*d - 0*d, -m + 3*d = 0. Suppose s + 4*s = m. What is the units digit of -1 + 5 + 1 + s?
5
Suppose 2*r = -3*r + 10. Suppose r*n + 90 = 7*n + 5*c, 5*c = -3*n + 56. What is the tens digit of n?
1
Let q(s) = 9*s - 1. Let y be q(-1). Let d = -4 - y. What is the units digit of d?
6
Suppose 3*i = -0*i + 3*y - 6, -2*i - y + 2 = 0. Let c = i + 1. What is the units digit of c?
1
Suppose -3*a + 809 = -x, 6*x + 267 = a + 3*x. What is the units digit of a?
0
Let z(i) = -i**3 + 8*i**2. Let q be z(8). Suppose q = 3*s - 17 - 55. What is the tens digit of s?
2
Let m be 2 - (-6)/(2 - -1). Suppose -m*i + 1 = -19. Suppose i*z - d = 34, 11 = z + z - 3*d. What is the units digit of z?
7
Let b = 31 - 47. Let l be (b/12)/((-2)/36). Suppose r + l = 3*r. What is the tens digit of r?
1
Suppose -5*v + 13 = -2. Suppose 3*k = 2*y - 16, -3*y + y + 16 = v*k. What is the units digit of y?
8
Let w be 1/3*(5 + 4). Let x be 28/6 - (-1)/w. Suppose -3*s + x*o = -7, 4*o = -0*s + s. What is the units digit of s?
4
Let i(u) = -u**3 + 4*u**2 + 6*u + 6. Let p be i(5). Let c = p - 6. What is the units digit of c?
5
Let q = -21 - -29. What is the units digit of (-216)/(-32)*q/3?
8
Let p(z) = -z + 2. Let t be 4/(-10) + 2/5. Let k = 0 + t. What is the units digit of p(k)?
2
Let d = -11 - -9. Let r = 13 + d. What is the units digit of r?
1
Let z be (-2)/(-7) + (-90)/21. Let u be (-16)/1 + 3 + z. Let y = 27 + u. What is the units digit of y?
0
Let g be (8/(-6))/(4/12). What is the tens digit of ((-21)/4 - -2)*g?
1
Let a(w) = 13*w**2 + 22*w - 3. What is the tens digit of a(-5)?
1
Let x be (1/3*0)/(-1). Let s(t) = -t**2 - t + 4. What is the units digit of s(x)?
4
Let y(b) be the first derivative of -1 + 0*b + 1/2*b**2 + 2/3*b**3. What is the tens digit of y(2)?
1
Let m(j) = -50*j - 2 + 1 + 46*j. What is the units digit of m(-9)?
5
Let o be 51 + (-2)/(-6)*0. Suppose -39 = -i - 4*g, 4*i + 0*g - 5*g - o = 0. What is the tens digit of i?
1
Suppose o - 5*o = k - 12, -2*o - 3*k = -6. Suppose -2*v + 22 = -6*w + 2*w, 4*w + 5*v = -1. What is the units digit of w*(o/(-4) + 0)?
3
Let f = 12 + 84. What is the units digit of f?
6
Let p be (6 + -5)/(1/2). Suppose -5*h - 10 = 5*f, -2*f = 3*f + p*h + 25. What is the tens digit of (f/(-14))/((-1)/(-22))?
1
Let t(i) = -i**3 - 4*i**2 - 3*i + 2. Let c be t(-3). Let r(l) = l**3 + 3*l**c - 4 + l**2 + 4*l**2 + 6*l. What is the units digit of r(-7)?
3
Let m(h) be the first derivative of 7*h**6/180 + h**5/60 - h**4/24 - 4*h**3/3 + 3. Let g(v) be the third derivative of m(v). What is the tens digit of g(1)?
1
Let f = 1 + 1. Suppose 4*l + 10 = -f*u, -7*l = -2*u - 4*l + 11. Suppose 2*z + 2*x - 11 = z, z - x + u = 0. What is the units digit of z?
3
Let f(t) = t - 4. Let r be f(7). Suppose -4*o + 116 = -c, 4*o - r*c = 21 + 87. What is the units digit of o?
0
Let q = 1 + 3. Suppose p - 25 = -4*n, 0 = p - 2*n + q + 1. Suppose 0 = w + 5*i, -p*w + 2*i = -2*i - 29. What is the units digit of w?
5
Let k(f) = f**3 - 6*f**2 - 3*f - 6. What is the tens digit of k(8)?
9
Suppose 2*j - 1 = 3. Suppose -j = -3*n + 2*h + 3, 0 = 2*h + 2. What is the units digit of 1/(-1)*n*-6?
6
Let i = 11 + -4. Let k(t) = t**3 - 8*t**2 + 6*t + 9. Let r be k(i). Suppose -r*w + 28 = 6. What is the tens digit of w?
1
Let c = -88 + 152. What is the units digit of c?
4
Suppose 6 = f - 0. Suppose -f = 3*c - 66. What is the tens digit of c?
2
Let d = 10 + -14. What is the tens digit of (-11)/(-22) + (-86)/d?
2
Let u(w) = -5*w**2 + 17*w - 8. Let f(v) = v**2 - v + 1. Let t(p) = -6*f(p) - u(p). What is the tens digit of t(-8)?
2
Suppose -55 + 200 = 5*f. What is the units digit of f?
9
Let f(k) = k**2 - 20*k. Let c be f(14). Let g = -59 - c. What is the units digit of g?
5
Let f(o) = o**3 + 14*o**2 - 11*o - 14. What is the hundreds digit of f(-14)?
1
Let s(b) = -5*b + 5. Suppose -4*c - 3*u + u - 22 = 0, -3*u - 5 = -c. What is the units digit of s(c)?
5
Let x = 88 - 133. What is the tens digit of 7/((-28)/16) - x?
4
Suppose 5 + 7 = 2*i. Let s = i + -3. What is the units digit of s?
3
Let p = 16 - 16. Suppose 0 = -5*i - 3*d + 134, -2*d = -p*i - i + 19. What is the units digit of i?
5
Let g(d) = 10*d**3 - 2*d**2 - d + 1. Let v be g(2). Suppose -5*o - 16 = -v. What is the tens digit of o?
1
Suppose -30*b + 798 = -24*b. What is the tens digit of b?
3
Suppose 500 - 30 = 5*l - 3*c, -376 = -4*l - c. What is the tens digit of l?
9
Let z = 6 - 1. Suppose -r + 7 = -3*w + 24, r + z*w = 23. What is the units digit of (r/(-6))/(4/36)?
3
Let g(q) = -2*q - 9. Let n(j) = j**2 + 12*j + 3. Let y be n(-11). What is the units digit of g(y)?
7
Suppose -4*b + 28 = 2*a, 0*b + b = 4*a - 101. Suppose f + a = -f - 4*l, 0 = -3*f - 4*l - 32. Let k(u) = u**3 + 8*u**2 - u + 6. What is the units digit of k(f)?
4
Suppose 3 = p - q - 0, -3*p - 4*q + 16 = 0. Suppose -p = -4*i + 32. Suppose 0 = 3*d + i, 4*y - d - 56 = -13. What is the tens digit of y?
1
Let h = -31 + 71. Let i = 60 - h. What is the tens digit of i?
2
Suppose c - 2*c = 94. Let g = c - -134. What is the units digit of g?
0
Suppose -2*h + 3*h = -2*c - 1, -4*h = -5*c - 35. Suppose -h*z + 1 = 41. Let x = -6 - z. What is the units digit of x?
2
Suppose 0 = -5*c + 6*c - 4. Let k(z) = z**2 - 4*z + 4. What is the units digit of k(c)?
4
Let h(d) = 7*d**3 + 3*d**2 - 2*d + 7. What is the tens digit of h(3)?
1
Suppose -3 = -i - 0, -5*i = 4*x + 201. What is the units digit of (x/(-8))/((-9)/(-24))?
8
Suppose 0 = -2*f + 4*r + 16, 12 - 3 = 3*r. Suppose 6*u + 19 = 3*u - p, -f = 3*u - 4*p. Let w = u - -14. What is the units digit of w?
8
Let s(k) = k - 2. Let w be s(5). What is the units digit of 39 - (w + -4 + 3)?
7
Let i(n) = 17*n - 14*n + 2*n. Suppose 0 = 5*r - 5, 2*o + 4*r - r = 9. What is the units digit of i(o)?
5
Let p(k) = -k**2 - 2*k + 1. Suppose -2*o - 5 = -0*o + f, -14 = 5*o + f. Let r be p(o). Let v = r - -9. What is the units digit of v?
7
Suppose -3*m = 2*s + 24, s - 1 = -3*m + 8*m. Let d = s - -18. What is the units digit of d?
9
Let j be 25 + (0 + 0 - 3). Let g = -4 + j. What is the tens digit of g?
1
Suppose 6*d - 2*d - 8 = 0. Let l(z) = z**3 + d*z - 6*z + 4 + 1 - 3*z**2 - 1. What is the units digit of l(4)?
4
Let w(v) = -4*v - 2. Let i be 6/(-5)*(-10)/(-4). What is the units digit of w(i)?
0
Let y = 17 - 36. Let g = y - -29. What is the tens digit of g?
1
Let k = -81 - -151. What is the units digit of k?
0
Let x = 13 + -9. Suppose -2*y = -g - 4*y + 14, -x*g - 2*y + 86 = 0. What is the tens digit of g?
2
Suppose h - 2 = -j, 0*h - 5*j = 3*h - 10. Suppose 2*m + h*v + 3*v + 11 = 0, -5*m - v = -5. What is the units digit of (-7)/((-1 - m) + 2)?
7
Let w(x) = 13*x + 1. What is the units digit of w(1)?
4
Let n(j) = 57*j - 7. What is the units digit of n(1)?
0
Let h be (-26)/3 - (-2)/(-6). Let v = -21 + 3. Let y = h - v. What is the units digit of y?
9
What is the units digit of (-366)/3*(-5)/10?
1
Suppose 0 = 4*y + 2*s - 202, 4*y - 2*y + 3*s - 111 = 0. What is the units digit of y?
8
Suppose -p - p = -100. Suppose -5*a + p = -50. Suppose 60 = 5*i - a. What is the units digit of i?
6
Let v = 64 + 120. What is the hundreds digit of v?
1
Suppose 2*u = 3*x - 146, 0*u - 237 = -5*x - 3*u. What is the tens digit of x?
4
Suppose y = -6*y + 630. What is the tens digit of y?
9
Suppose -3*g + 4*g - 4 = 0. Let i be (5/g)/((-2)/(-24)). What is the units digit of 10/i + (-14)/(-6)?
3
What is the units digit of (4/(-3))/(3/(-9))?
4
Suppose 0 = 3*t + t - 60. What is the tens digit of t?
1
What is the units digit of (2/(-3))/(14/(-483))?
3
Suppose 3*x - 34 = x. What is the units digit of x?
7
Let f(k) = -6*k**3 - 3*k**2 - k - 2. Suppose -u - 6 + 4 = 0. Let z be f(u). Suppose -z = v - 5*v. What is the units digit of v?
9
Let p be 22/(-8) + 9/(-36). What is the units digit of (p/3)/((-2)/66)?
3
Suppose -c + l - 3 = 0, -2*l = -2*c + 2*l. Let x(o) = -o**2 - 7*o - 5. Let d be x(c). What is the units digit of 3 - (3 - 1 - d)?
2
Let w = 0 - 0. Suppose -o + w = 8. Let g(j) = j + 9. What is the units digit of g(o)?
1
Let j(y) = 8*y - 2*y**3 + 12 - 9*y**2 + 2*y**2 + y**3. What is the tens digit of j(-8)?
1
Let a(w) be the first derivative of w**4/4 - 7*w**3/3 - 3*w**2 - 10*w - 1. Let